Last updated on 2022-05-28 17:50:39 CEST.
Flavor | Version | Tinstall | Tcheck | Ttotal | Status | Flags |
---|---|---|---|---|---|---|
r-devel-linux-x86_64-debian-clang | 0.1.15 | 16.41 | 158.29 | 174.70 | OK | |
r-devel-linux-x86_64-debian-gcc | 0.1.15 | 13.77 | 115.24 | 129.01 | OK | |
r-devel-linux-x86_64-fedora-clang | 0.1.15 | 206.10 | NOTE | |||
r-devel-linux-x86_64-fedora-gcc | 0.1.15 | 204.04 | NOTE | |||
r-devel-windows-x86_64 | 0.1.15 | 42.00 | 178.00 | 220.00 | OK | |
r-patched-linux-x86_64 | 0.1.15 | 17.95 | 146.00 | 163.95 | OK | |
r-release-linux-x86_64 | 0.1.15 | 9.91 | 149.60 | 159.51 | OK | |
r-release-macos-arm64 | 0.1.15 | 66.00 | NOTE | |||
r-release-macos-x86_64 | 0.1.15 | 89.00 | NOTE | |||
r-release-windows-x86_64 | 0.1.15 | 36.00 | 182.00 | 218.00 | OK | |
r-oldrel-macos-arm64 | 0.1.15 | 66.00 | NOTE | |||
r-oldrel-macos-x86_64 | 0.1.15 | 83.00 | NOTE | |||
r-oldrel-windows-ix86+x86_64 | 0.1.15 | 33.00 | 184.00 | 217.00 | OK |
Version: 0.1.15
Check: dependencies in R code
Result: NOTE
Namespaces in Imports field not imported from:
‘MASS’ ‘boot’ ‘fds’ ‘rpart’
All declared Imports should be used.
Flavors: r-devel-linux-x86_64-fedora-clang, r-devel-linux-x86_64-fedora-gcc, r-release-macos-arm64, r-release-macos-x86_64, r-oldrel-macos-arm64, r-oldrel-macos-x86_64