CRAN Package Check Results for Package JoF

Last updated on 2022-05-17 05:52:49 CEST.

Flavor Version Tinstall Tcheck Ttotal Status Flags
r-devel-linux-x86_64-debian-clang 0.1.0 2.80 42.74 45.54 NOTE
r-devel-linux-x86_64-debian-gcc 0.1.0 2.25 31.79 34.04 NOTE
r-devel-linux-x86_64-fedora-clang 0.1.0 52.14 NOTE
r-devel-linux-x86_64-fedora-gcc 0.1.0 51.49 NOTE
r-devel-windows-x86_64 0.1.0 11.00 61.00 72.00 NOTE
r-patched-linux-x86_64 0.1.0 2.57 40.16 42.73 NOTE
r-release-linux-x86_64 0.1.0 2.00 40.75 42.75 NOTE
r-release-macos-arm64 0.1.0 19.00 NOTE
r-release-macos-x86_64 0.1.0 25.00 NOTE
r-release-windows-x86_64 0.1.0 13.00 58.00 71.00 NOTE
r-oldrel-macos-arm64 0.1.0 22.00 NOTE
r-oldrel-macos-x86_64 0.1.0 32.00 NOTE
r-oldrel-windows-ix86+x86_64 0.1.0 7.00 52.00 59.00 NOTE

Check Details

Version: 0.1.0
Check: LazyData
Result: NOTE
     'LazyData' is specified without a 'data' directory
Flavors: r-devel-linux-x86_64-debian-clang, r-devel-linux-x86_64-debian-gcc, r-devel-linux-x86_64-fedora-clang, r-devel-linux-x86_64-fedora-gcc, r-devel-windows-x86_64, r-patched-linux-x86_64, r-release-linux-x86_64, r-release-macos-arm64, r-release-macos-x86_64, r-release-windows-x86_64, r-oldrel-macos-arm64, r-oldrel-macos-x86_64, r-oldrel-windows-ix86+x86_64