Last updated on 2022-05-24 01:49:54 CEST.
Flavor | Version | Tinstall | Tcheck | Ttotal | Status | Flags |
---|---|---|---|---|---|---|
r-devel-linux-x86_64-debian-clang | 0.1.1 | 3.37 | 151.61 | 154.98 | OK | |
r-devel-linux-x86_64-debian-gcc | 0.1.1 | 2.78 | 108.72 | 111.50 | OK | |
r-devel-linux-x86_64-fedora-clang | 0.1.1 | 182.46 | NOTE | |||
r-devel-linux-x86_64-fedora-gcc | 0.1.1 | 177.62 | NOTE | |||
r-devel-windows-x86_64 | 0.1.1 | 14.00 | 202.00 | 216.00 | OK | |
r-patched-linux-x86_64 | 0.1.1 | 3.02 | 145.38 | 148.40 | OK | |
r-release-linux-x86_64 | 0.1.1 | OK | ||||
r-release-macos-arm64 | 0.1.1 | 50.00 | NOTE | |||
r-release-macos-x86_64 | 0.1.1 | 80.00 | NOTE | |||
r-release-windows-x86_64 | 0.1.1 | 22.00 | 207.00 | 229.00 | OK | |
r-oldrel-macos-arm64 | 0.1.1 | 45.00 | NOTE | |||
r-oldrel-macos-x86_64 | 0.1.1 | 62.00 | NOTE | |||
r-oldrel-windows-ix86+x86_64 | 0.1.1 | 11.00 | 170.00 | 181.00 | OK |
Version: 0.1.1
Check: dependencies in R code
Result: NOTE
Namespaces in Imports field not imported from:
‘Superpower’ ‘pwr’ ‘shinydashboard’
All declared Imports should be used.
Flavors: r-devel-linux-x86_64-fedora-clang, r-devel-linux-x86_64-fedora-gcc, r-release-macos-arm64, r-release-macos-x86_64, r-oldrel-macos-arm64, r-oldrel-macos-x86_64