CRAN Package Check Results for Package KGode

Last updated on 2022-05-18 21:53:18 CEST.

Flavor Version Tinstall Tcheck Ttotal Status Flags
r-devel-linux-x86_64-debian-clang 1.0.3 11.55 75.86 87.41 NOTE
r-devel-linux-x86_64-debian-gcc 1.0.3 8.68 52.45 61.13 NOTE
r-devel-linux-x86_64-fedora-clang 1.0.3 96.18 NOTE
r-devel-linux-x86_64-fedora-gcc 1.0.3 95.82 NOTE
r-devel-windows-x86_64 1.0.3 22.00 85.00 107.00 NOTE
r-patched-linux-x86_64 1.0.3 11.14 68.78 79.92 NOTE
r-release-linux-x86_64 1.0.3 8.73 67.33 76.06 NOTE
r-release-macos-arm64 1.0.3 27.00 NOTE
r-release-macos-x86_64 1.0.3 36.00 NOTE
r-release-windows-x86_64 1.0.3 20.00 83.00 103.00 NOTE
r-oldrel-macos-arm64 1.0.3 29.00 NOTE
r-oldrel-macos-x86_64 1.0.3 52.00 NOTE
r-oldrel-windows-ix86+x86_64 1.0.3 17.00 85.00 102.00 NOTE

Check Details

Version: 1.0.3
Check: LazyData
Result: NOTE
     'LazyData' is specified without a 'data' directory
Flavors: r-devel-linux-x86_64-debian-clang, r-devel-linux-x86_64-debian-gcc, r-devel-linux-x86_64-fedora-clang, r-devel-linux-x86_64-fedora-gcc, r-devel-windows-x86_64, r-patched-linux-x86_64, r-release-linux-x86_64, r-release-macos-arm64, r-release-macos-x86_64, r-release-windows-x86_64, r-oldrel-macos-arm64, r-oldrel-macos-x86_64, r-oldrel-windows-ix86+x86_64