Last updated on 2022-05-27 20:52:56 CEST.
Flavor | Version | Tinstall | Tcheck | Ttotal | Status | Flags |
---|---|---|---|---|---|---|
r-devel-linux-x86_64-debian-clang | 1.9 | 66.03 | 65.24 | 131.27 | OK | |
r-devel-linux-x86_64-debian-gcc | 1.9 | 49.56 | 50.67 | 100.23 | OK | |
r-devel-linux-x86_64-fedora-clang | 1.9 | 183.21 | NOTE | |||
r-devel-linux-x86_64-fedora-gcc | 1.9 | 158.35 | OK | |||
r-devel-windows-x86_64 | 1.9 | 70.00 | 109.00 | 179.00 | OK | |
r-patched-linux-x86_64 | 1.9 | 53.07 | 63.44 | 116.51 | OK | |
r-release-linux-x86_64 | 1.9 | 50.81 | 62.59 | 113.40 | OK | |
r-release-macos-arm64 | 1.9 | 45.00 | NOTE | |||
r-release-macos-x86_64 | 1.9 | 60.00 | NOTE | |||
r-release-windows-x86_64 | 1.9 | 80.00 | 110.00 | 190.00 | OK | |
r-oldrel-macos-arm64 | 1.9 | 41.00 | NOTE | |||
r-oldrel-macos-x86_64 | 1.9 | 59.00 | NOTE | |||
r-oldrel-windows-ix86+x86_64 | 1.9 | 148.00 | 117.00 | 265.00 | NOTE |
Version: 1.9
Check: installed package size
Result: NOTE
installed size is 5.5Mb
sub-directories of 1Mb or more:
data 1.6Mb
libs 2.8Mb
Flavors: r-devel-linux-x86_64-fedora-clang, r-release-macos-arm64, r-release-macos-x86_64, r-oldrel-macos-arm64, r-oldrel-macos-x86_64, r-oldrel-windows-ix86+x86_64