CRAN Package Check Results for Package KSD

Last updated on 2024-05-24 05:11:35 CEST.

Flavor Version Tinstall Tcheck Ttotal Status Flags
r-devel-linux-x86_64-debian-clang 1.0.1 3.54 29.43 32.97 NOTE
r-devel-linux-x86_64-debian-gcc 1.0.1 2.11 21.67 23.78 NOTE
r-devel-linux-x86_64-fedora-clang 1.0.1 40.80 NOTE
r-devel-linux-x86_64-fedora-gcc 1.0.1 37.28 NOTE
r-devel-windows-x86_64 1.0.1 3.00 44.00 47.00 NOTE
r-patched-linux-x86_64 1.0.1 3.44 27.62 31.06 NOTE
r-release-linux-x86_64 1.0.1 2.34 27.90 30.24 NOTE
r-release-macos-arm64 1.0.1 16.00 NOTE
r-release-windows-x86_64 1.0.1 4.00 43.00 47.00 NOTE
r-oldrel-macos-arm64 1.0.1 15.00 NOTE
r-oldrel-macos-x86_64 1.0.1 23.00 NOTE
r-oldrel-windows-x86_64 1.0.1 4.00 46.00 50.00 NOTE

Check Details

Version: 1.0.1
Check: LazyData
Result: NOTE 'LazyData' is specified without a 'data' directory Flavors: r-devel-linux-x86_64-debian-clang, r-devel-linux-x86_64-debian-gcc, r-devel-linux-x86_64-fedora-clang, r-devel-linux-x86_64-fedora-gcc, r-devel-windows-x86_64, r-patched-linux-x86_64, r-release-linux-x86_64, r-release-macos-arm64, r-release-windows-x86_64, r-oldrel-macos-arm64, r-oldrel-macos-x86_64, r-oldrel-windows-x86_64