CRAN Package Check Results for Package L1mstate

Last updated on 2022-01-29 07:53:20 CET.

Flavor Version Tinstall Tcheck Ttotal Status Flags
r-devel-linux-x86_64-debian-clang 1.0.1 36.83 118.79 155.62 OK
r-devel-linux-x86_64-debian-gcc 1.0.1 30.92 86.09 117.01 OK
r-devel-linux-x86_64-fedora-clang 1.0.1 188.59 OK
r-devel-linux-x86_64-fedora-gcc 1.0.1 173.93 OK
r-devel-windows-x86_64-new-UL 1.0.1 48.00 145.00 193.00 OK
r-devel-windows-x86_64-new-TK 1.0.1 OK
r-patched-linux-x86_64 1.0.1 OK
r-release-linux-x86_64 1.0.1 34.48 102.23 136.71 OK
r-release-macos-arm64 1.0.1 NOTE
r-release-macos-x86_64 1.0.1 OK
r-release-windows-ix86+x86_64 1.0.1 86.00 181.00 267.00 OK
r-oldrel-macos-x86_64 1.0.1 OK
r-oldrel-windows-ix86+x86_64 1.0.1 87.00 184.00 271.00 OK

Check Details

Version: 1.0.1
Check: installed package size
Result: NOTE
     installed size is 5.1Mb
     sub-directories of 1Mb or more:
     libs 5.0Mb
Flavor: r-release-macos-arm64