CRAN Package Check Results for Package LDATS

Last updated on 2022-01-26 22:54:54 CET.

Flavor Version Tinstall Tcheck Ttotal Status Flags
r-devel-linux-x86_64-debian-clang 0.2.7 11.09 164.97 176.06 OK
r-devel-linux-x86_64-debian-gcc 0.2.7 8.77 121.57 130.34 OK
r-devel-linux-x86_64-fedora-clang 0.2.7 202.51 OK
r-devel-linux-x86_64-fedora-gcc 0.2.7 192.77 OK
r-devel-windows-x86_64-new-UL 0.2.7 167.00 225.00 392.00 OK
r-devel-windows-x86_64-new-TK 0.2.7 OK
r-patched-linux-x86_64 0.2.7 11.45 157.29 168.74 OK
r-release-linux-x86_64 0.2.7 10.85 157.69 168.54 OK
r-release-macos-arm64 0.2.7 OK
r-release-macos-x86_64 0.2.7 WARN
r-release-windows-ix86+x86_64 0.2.7 24.00 209.00 233.00 OK
r-oldrel-macos-x86_64 0.2.7 WARN
r-oldrel-windows-ix86+x86_64 0.2.7 25.00 205.00 230.00 OK

Check Details

Version: 0.2.7
Check: re-building of vignette outputs
Result: WARN
    Error(s) in re-building vignettes:
     ...
    --- re-building ‘LDATS_codebase.Rmd’ using rmarkdown
    Warning in engine$weave(file, quiet = quiet, encoding = enc) :
     Pandoc (>= 1.12.3) not available. Falling back to R Markdown v1.
    --- finished re-building ‘LDATS_codebase.Rmd’
    
    --- re-building ‘paper-comparison.Rmd’ using rmarkdown
    Warning in engine$weave(file, quiet = quiet, encoding = enc) :
     Pandoc (>= 1.12.3) not available. Falling back to R Markdown v1.
    Quitting from lines 59-60 (paper-comparison.Rmd)
    Error: processing vignette 'paper-comparison.Rmd' failed with diagnostics:
    object 'params' not found
    --- failed re-building ‘paper-comparison.Rmd’
    
    --- re-building ‘rodents-example.Rmd’ using rmarkdown
    Warning in engine$weave(file, quiet = quiet, encoding = enc) :
     Pandoc (>= 1.12.3) not available. Falling back to R Markdown v1.
    --- finished re-building ‘rodents-example.Rmd’
    
    SUMMARY: processing the following file failed:
     ‘paper-comparison.Rmd’
    
    Error: Vignette re-building failed.
    Execution halted
Flavor: r-release-macos-x86_64

Version: 0.2.7
Check: re-building of vignette outputs
Result: WARN
    Error(s) in re-building vignettes:
     ...
    --- re-building ‘LDATS_codebase.Rmd’ using rmarkdown
    Warning in engine$weave(file, quiet = quiet, encoding = enc) :
     Pandoc (>= 1.12.3) and/or pandoc-citeproc not available. Falling back to R Markdown v1.
    --- finished re-building ‘LDATS_codebase.Rmd’
    
    --- re-building ‘paper-comparison.Rmd’ using rmarkdown
    Warning in engine$weave(file, quiet = quiet, encoding = enc) :
     Pandoc (>= 1.12.3) and/or pandoc-citeproc not available. Falling back to R Markdown v1.
    Quitting from lines 59-60 (paper-comparison.Rmd)
    Error: processing vignette 'paper-comparison.Rmd' failed with diagnostics:
    object 'params' not found
    --- failed re-building ‘paper-comparison.Rmd’
    
    --- re-building ‘rodents-example.Rmd’ using rmarkdown
    Warning in engine$weave(file, quiet = quiet, encoding = enc) :
     Pandoc (>= 1.12.3) and/or pandoc-citeproc not available. Falling back to R Markdown v1.
    --- finished re-building ‘rodents-example.Rmd’
    
    SUMMARY: processing the following file failed:
     ‘paper-comparison.Rmd’
    
    Error: Vignette re-building failed.
    Execution halted
Flavor: r-oldrel-macos-x86_64