Last updated on 2022-05-17 01:50:52 CEST.
Flavor | Version | Tinstall | Tcheck | Ttotal | Status | Flags |
---|---|---|---|---|---|---|
r-devel-linux-x86_64-debian-clang | 1.4.9 | 8.38 | 127.52 | 135.90 | OK | |
r-devel-linux-x86_64-debian-gcc | 1.4.9 | 7.62 | 94.22 | 101.84 | OK | |
r-devel-linux-x86_64-fedora-clang | 1.4.9 | 154.99 | OK | |||
r-devel-linux-x86_64-fedora-gcc | 1.4.9 | 156.53 | OK | |||
r-devel-windows-x86_64 | 1.4.9 | 19.00 | 159.00 | 178.00 | NOTE | |
r-patched-linux-x86_64 | 1.4.9 | 9.33 | 121.50 | 130.83 | OK | |
r-release-linux-x86_64 | 1.4.9 | 7.39 | 120.46 | 127.85 | OK | |
r-release-macos-arm64 | 1.4.9 | 41.00 | OK | |||
r-release-macos-x86_64 | 1.4.9 | 59.00 | OK | |||
r-release-windows-x86_64 | 1.4.9 | 18.00 | 155.00 | 173.00 | NOTE | |
r-oldrel-macos-arm64 | 1.4.9 | 52.00 | OK | |||
r-oldrel-macos-x86_64 | 1.4.9 | 87.00 | OK | |||
r-oldrel-windows-ix86+x86_64 | 1.4.9 | 14.00 | 146.00 | 160.00 | NOTE |
Version: 1.4.9
Check: package dependencies
Result: NOTE
Package suggested but not available for checking: 'doMC'
Flavors: r-devel-windows-x86_64, r-release-windows-x86_64, r-oldrel-windows-ix86+x86_64