Last updated on 2022-05-19 06:58:21 CEST.
Flavor | Version | Tinstall | Tcheck | Ttotal | Status | Flags |
---|---|---|---|---|---|---|
r-devel-linux-x86_64-debian-clang | 3.2 | 18.48 | 169.16 | 187.64 | NOTE | |
r-devel-linux-x86_64-debian-gcc | 3.3 | 12.42 | 124.03 | 136.45 | OK | |
r-devel-linux-x86_64-fedora-clang | 3.3 | 140.48 | OK | |||
r-devel-linux-x86_64-fedora-gcc | 3.3 | 134.96 | OK | |||
r-devel-windows-x86_64 | 3.2 | 31.00 | 171.00 | 202.00 | NOTE | |
r-patched-linux-x86_64 | 3.2 | 17.06 | 156.11 | 173.17 | OK | |
r-release-linux-x86_64 | 3.2 | 16.75 | 158.82 | 175.57 | OK | |
r-release-macos-arm64 | 3.3 | 66.00 | OK | |||
r-release-macos-x86_64 | 3.2 | 97.00 | OK | |||
r-release-windows-x86_64 | 3.3 | 30.00 | 174.00 | 204.00 | OK | |
r-oldrel-macos-arm64 | 3.3 | 55.00 | OK | |||
r-oldrel-macos-x86_64 | 3.2 | 96.00 | OK | |||
r-oldrel-windows-ix86+x86_64 | 3.2 | 42.00 | 172.00 | 214.00 | OK |
Version: 3.2
Check: Rd files
Result: NOTE
checkRd: (7) g2l.proc.Rd:55: \item in \value must have non-empty label
checkRd: (7) g2l.proc.Rd:60: \item in \value must have non-empty label
checkRd: (7) g2l.proc.Rd:66: \item in \value must have non-empty label
checkRd: (7) rEB.Finite.Bayes.Rd:40: \item in \value must have non-empty label
checkRd: (7) rEB.Finite.Bayes.Rd:47: \item in \value must have non-empty label
checkRd: (7) rEB.Finite.Bayes.Rd:51: \item in \value must have non-empty label
checkRd: (7) rEB.proc.Rd:52: \item in \value must have non-empty label
checkRd: (7) rEB.proc.Rd:59: \item in \value must have non-empty label
Flavors: r-devel-linux-x86_64-debian-clang, r-devel-windows-x86_64
Version: 3.2
Check: HTML version of manual
Result: NOTE
Found the following problems:
g2l.proc.Rd:159:38: Warning: trimming empty <code>
g2l.proc.Rd:178:38: Warning: trimming empty <code>
g2l.proc.Rd:201:38: Warning: trimming empty <code>
rEB.Finite.Bayes.Rd:126:38: Warning: trimming empty <code>
rEB.Finite.Bayes.Rd:153:38: Warning: trimming empty <code>
rEB.Finite.Bayes.Rd:168:38: Warning: trimming empty <code>
rEB.proc.Rd:163:38: Warning: trimming empty <code>
rEB.proc.Rd:190:38: Warning: trimming empty <code>
Flavor: r-devel-linux-x86_64-debian-clang