Last updated on 2022-05-27 02:50:19 CEST.
Flavor | Version | Tinstall | Tcheck | Ttotal | Status | Flags |
---|---|---|---|---|---|---|
r-devel-linux-x86_64-debian-clang | 1.2.3 | 1.82 | 39.73 | 41.55 | OK | |
r-devel-linux-x86_64-debian-gcc | 1.2.3 | 2.12 | 32.87 | 34.99 | OK | |
r-devel-linux-x86_64-fedora-clang | 1.2.3 | 50.04 | OK | |||
r-devel-linux-x86_64-fedora-gcc | 1.2.3 | 50.06 | OK | |||
r-devel-windows-x86_64 | 1.2.3 | 9.00 | 55.00 | 64.00 | OK | |
r-patched-linux-x86_64 | 1.2.3 | 2.50 | 37.52 | 40.02 | OK | |
r-release-linux-x86_64 | 1.2.3 | 2.70 | 37.11 | 39.81 | OK | |
r-release-macos-arm64 | 1.2.3 | 6.00 | ERROR | |||
r-release-macos-x86_64 | 1.2.3 | 7.00 | ERROR | |||
r-release-windows-x86_64 | 1.2.3 | 13.00 | 58.00 | 71.00 | OK | |
r-oldrel-macos-arm64 | 1.2.3 | 6.00 | ERROR | |||
r-oldrel-macos-x86_64 | 1.2.3 | 8.00 | ERROR | |||
r-oldrel-windows-ix86+x86_64 | 1.2.3 | 8.00 | 49.00 | 57.00 | OK |
Version: 1.2.3
Check: package dependencies
Result: ERROR
Package required but not available: ‘GeneticsPed’
See section ‘The DESCRIPTION file’ in the ‘Writing R Extensions’
manual.
Flavors: r-release-macos-arm64, r-release-macos-x86_64, r-oldrel-macos-arm64, r-oldrel-macos-x86_64