CRAN Package Check Results for Package LRcontrast

Last updated on 2022-01-21 19:48:39 CET.

Flavor Version Tinstall Tcheck Ttotal Status Flags
r-devel-linux-x86_64-debian-clang 1.0 3.34 37.17 40.51 OK
r-devel-linux-x86_64-debian-gcc 1.0 2.56 28.07 30.63 OK
r-devel-linux-x86_64-fedora-clang 1.0 48.59 NOTE
r-devel-linux-x86_64-fedora-gcc 1.0 38.26 NOTE
r-devel-windows-x86_64-new-UL 1.0 51.00 61.00 112.00 OK
r-devel-windows-x86_64-new-TK 1.0 OK
r-patched-linux-x86_64 1.0 3.30 35.27 38.57 OK
r-release-linux-x86_64 1.0 2.84 34.97 37.81 OK
r-release-macos-arm64 1.0 OK
r-release-macos-x86_64 1.0 OK
r-release-windows-ix86+x86_64 1.0 9.00 53.00 62.00 OK
r-oldrel-macos-x86_64 1.0 OK
r-oldrel-windows-ix86+x86_64 1.0 9.00 52.00 61.00 OK

Check Details

Version: 1.0
Check: compiled code
Result: NOTE
    File ‘LRcontrast/libs/LRcontrast.so’:
     Found no calls to: ‘R_registerRoutines’, ‘R_useDynamicSymbols’
    
    It is good practice to register native routines and to disable symbol
    search.
    
    See ‘Writing portable packages’ in the ‘Writing R Extensions’ manual.
Flavors: r-devel-linux-x86_64-fedora-clang, r-devel-linux-x86_64-fedora-gcc