CRAN Package Check Results for Package LTRCforests

Last updated on 2022-01-16 18:49:16 CET.

Flavor Version Tinstall Tcheck Ttotal Status Flags
r-devel-linux-x86_64-debian-clang 0.5.5 28.60 119.19 147.79 OK
r-devel-linux-x86_64-debian-gcc 0.5.5 27.78 99.82 127.60 OK
r-devel-linux-x86_64-fedora-clang 0.5.5 199.46 OK
r-devel-linux-x86_64-fedora-gcc 0.5.5 182.27 OK
r-devel-windows-x86_64-new-UL 0.5.5 128.00 129.00 257.00 OK
r-devel-windows-x86_64-new-TK 0.5.5 OK
r-patched-linux-x86_64 0.5.5 30.71 114.16 144.87 OK
r-release-linux-x86_64 0.5.5 OK
r-release-macos-arm64 0.5.5 NOTE
r-release-macos-x86_64 0.5.5 OK
r-release-windows-ix86+x86_64 0.5.5 73.00 176.00 249.00 OK
r-oldrel-macos-x86_64 0.5.5 OK
r-oldrel-windows-ix86+x86_64 0.5.5 72.00 173.00 245.00 OK

Check Details

Version: 0.5.5
Check: package dependencies
Result: NOTE
    Package suggested but not available for checking: ‘LTRCtrees’
Flavor: r-release-macos-arm64

Version: 0.5.5
Check: Rd cross-references
Result: NOTE
    Package unavailable to check Rd xrefs: ‘LTRCtrees’
Flavor: r-release-macos-arm64