CRAN Package Check Results for Package LaplacesDemon

Last updated on 2022-05-21 00:50:59 CEST.

Flavor Version Tinstall Tcheck Ttotal Status Flags
r-devel-linux-x86_64-debian-clang 16.1.6 45.58 304.06 349.64 OK
r-devel-linux-x86_64-debian-gcc 16.1.6 37.76 219.07 256.83 OK
r-devel-linux-x86_64-fedora-clang 16.1.6 406.58 OK
r-devel-linux-x86_64-fedora-gcc 16.1.6 405.06 OK
r-devel-windows-x86_64 16.1.6 556.00 349.00 905.00 OK
r-patched-linux-x86_64 16.1.6 49.35 277.44 326.79 OK
r-release-linux-x86_64 16.1.6 45.50 273.15 318.65 OK
r-release-macos-arm64 16.1.6 92.00 NOTE
r-release-macos-x86_64 16.1.6 139.00 OK
r-release-windows-x86_64 16.1.6 505.00 350.00 855.00 OK
r-oldrel-macos-arm64 16.1.6 118.00 NOTE
r-oldrel-macos-x86_64 16.1.6 158.00 OK
r-oldrel-windows-ix86+x86_64 16.1.6 73.00 313.00 386.00 OK

Check Details

Version: 16.1.6
Check: installed package size
Result: NOTE
     installed size is 5.4Mb
     sub-directories of 1Mb or more:
     R 2.1Mb
     doc 1.7Mb
     help 1.1Mb
Flavors: r-release-macos-arm64, r-oldrel-macos-arm64