CRAN Package Check Results for Package LassoBacktracking

Last updated on 2022-05-17 05:52:50 CEST.

Flavor Version Tinstall Tcheck Ttotal Status Flags
r-devel-linux-x86_64-debian-clang 0.1.2 25.54 83.77 109.31 WARN
r-devel-linux-x86_64-debian-gcc 0.1.2 20.44 64.27 84.71 OK
r-devel-linux-x86_64-fedora-clang 0.1.2 138.94 WARN
r-devel-linux-x86_64-fedora-gcc 0.1.2 133.85 OK
r-devel-windows-x86_64 0.1.2 55.00 110.00 165.00 OK
r-patched-linux-x86_64 0.1.2 26.14 80.74 106.88 OK
r-release-linux-x86_64 0.1.2 23.38 80.44 103.82 OK
r-release-macos-arm64 0.1.2 39.00 OK
r-release-macos-x86_64 0.1.2 52.00 OK
r-release-windows-x86_64 0.1.2 60.00 116.00 176.00 OK
r-oldrel-macos-arm64 0.1.2 44.00 OK
r-oldrel-macos-x86_64 0.1.2 77.00 OK
r-oldrel-windows-ix86+x86_64 0.1.2 64.00 132.00 196.00 OK

Additional issues

clang14

Check Details

Version: 0.1.2
Check: whether package can be installed
Result: WARN
    Found the following significant warnings:
     ExportedFunctions.cpp:101:7: warning: use of bitwise '&' with boolean operands [-Wbitwise-instead-of-logical]
     ExportedFunctions.cpp:106:7: warning: use of bitwise '&' with boolean operands [-Wbitwise-instead-of-logical]
Flavors: r-devel-linux-x86_64-debian-clang, r-devel-linux-x86_64-fedora-clang