Last updated on 2022-05-18 21:53:19 CEST.
Flavor | Version | Tinstall | Tcheck | Ttotal | Status | Flags |
---|---|---|---|---|---|---|
r-devel-linux-x86_64-debian-clang | 1.1.1 | 28.41 | 59.96 | 88.37 | OK | |
r-devel-linux-x86_64-debian-gcc | 1.1.1 | 23.55 | 44.69 | 68.24 | OK | |
r-devel-linux-x86_64-fedora-clang | 1.1.1 | 118.41 | NOTE | |||
r-devel-linux-x86_64-fedora-gcc | 1.1.1 | 108.93 | OK | |||
r-devel-windows-x86_64 | 1.1.1 | 47.00 | 103.00 | 150.00 | NOTE | |
r-patched-linux-x86_64 | 1.1.1 | 22.72 | 56.91 | 79.63 | OK | |
r-release-linux-x86_64 | 1.1.1 | 24.93 | 56.56 | 81.49 | OK | |
r-release-macos-arm64 | 1.1.1 | 32.00 | NOTE | |||
r-release-macos-x86_64 | 1.1.1 | 43.00 | NOTE | |||
r-release-windows-x86_64 | 1.1.1 | 44.00 | 97.00 | 141.00 | NOTE | |
r-oldrel-macos-arm64 | 1.1.1 | 36.00 | NOTE | |||
r-oldrel-macos-x86_64 | 1.1.1 | 56.00 | NOTE | |||
r-oldrel-windows-ix86+x86_64 | 1.1.1 | 76.00 | 106.00 | 182.00 | NOTE |
Version: 1.1.1
Check: installed package size
Result: NOTE
installed size is 5.4Mb
sub-directories of 1Mb or more:
extdata 4.5Mb
Flavors: r-devel-linux-x86_64-fedora-clang, r-devel-windows-x86_64, r-release-macos-arm64, r-release-macos-x86_64, r-release-windows-x86_64, r-oldrel-macos-arm64, r-oldrel-macos-x86_64, r-oldrel-windows-ix86+x86_64