Last updated on 2022-05-20 18:49:18 CEST.
Flavor | Version | Tinstall | Tcheck | Ttotal | Status | Flags |
---|---|---|---|---|---|---|
r-devel-linux-x86_64-debian-clang | 1.1.1 | 97.87 | 369.24 | 467.11 | OK | |
r-devel-linux-x86_64-debian-gcc | 1.1.1 | 90.93 | 276.66 | 367.59 | OK | |
r-devel-linux-x86_64-fedora-clang | 1.1.1 | 590.87 | NOTE | |||
r-devel-linux-x86_64-fedora-gcc | 1.1.1 | 629.58 | OK | |||
r-devel-windows-x86_64 | 1.1.1 | 114.00 | 400.00 | 514.00 | NOTE | |
r-patched-linux-x86_64 | 1.1.1 | 94.45 | 345.93 | 440.38 | OK | |
r-release-linux-x86_64 | 1.1.1 | 91.97 | 348.77 | 440.74 | OK | |
r-release-macos-arm64 | 1.1.1 | 6.00 | ERROR | |||
r-release-macos-x86_64 | 1.1.1 | 194.00 | NOTE | |||
r-release-windows-x86_64 | 1.1.1 | 125.00 | 396.00 | 521.00 | NOTE | |
r-oldrel-macos-arm64 | 1.1.1 | 141.00 | NOTE | |||
r-oldrel-macos-x86_64 | 1.1.1 | 188.00 | NOTE | |||
r-oldrel-windows-ix86+x86_64 | 1.1.1 | 256.00 | 540.00 | 796.00 | NOTE |
Version: 1.1.1
Check: installed package size
Result: NOTE
installed size is 6.2Mb
sub-directories of 1Mb or more:
data 1.1Mb
libs 4.0Mb
Flavors: r-devel-linux-x86_64-fedora-clang, r-release-macos-x86_64, r-oldrel-macos-arm64, r-oldrel-macos-x86_64
Version: 1.1.1
Check: package dependencies
Result: NOTE
Package suggested but not available for checking: 'doMC'
Flavors: r-devel-windows-x86_64, r-release-windows-x86_64, r-oldrel-windows-ix86+x86_64
Version: 1.1.1
Check: package dependencies
Result: ERROR
Packages required but not available: 'SeqArray', 'GMMAT'
See section ‘The DESCRIPTION file’ in the ‘Writing R Extensions’
manual.
Flavor: r-release-macos-arm64