Last updated on 2022-05-19 19:49:32 CEST.
Flavor | Version | Tinstall | Tcheck | Ttotal | Status | Flags |
---|---|---|---|---|---|---|
r-devel-linux-x86_64-debian-clang | 1.2.0 | 9.02 | 352.51 | 361.53 | OK | |
r-devel-linux-x86_64-debian-gcc | 1.2.0 | 6.31 | 239.36 | 245.67 | OK | |
r-devel-linux-x86_64-fedora-clang | 1.2.0 | 411.01 | NOTE | |||
r-devel-linux-x86_64-fedora-gcc | 1.2.0 | 422.10 | OK | |||
r-devel-windows-x86_64 | 1.2.0 | 35.00 | 546.00 | 581.00 | NOTE | |
r-patched-linux-x86_64 | 1.2.0 | 10.52 | 325.72 | 336.24 | OK | |
r-release-linux-x86_64 | 1.2.0 | 8.45 | 324.08 | 332.53 | OK | |
r-release-macos-arm64 | 1.2.0 | 104.00 | NOTE | |||
r-release-macos-x86_64 | 1.2.0 | 145.00 | NOTE | |||
r-release-windows-x86_64 | 1.2.0 | 45.00 | 559.00 | 604.00 | NOTE | |
r-oldrel-macos-arm64 | 1.2.0 | 79.00 | NOTE | |||
r-oldrel-macos-x86_64 | 1.2.0 | 113.00 | NOTE | |||
r-oldrel-windows-ix86+x86_64 | 1.2.0 | 17.00 | 413.00 | 430.00 | NOTE |
Version: 1.2.0
Check: installed package size
Result: NOTE
installed size is 5.3Mb
sub-directories of 1Mb or more:
data 1.2Mb
doc 3.5Mb
Flavors: r-devel-linux-x86_64-fedora-clang, r-devel-windows-x86_64, r-release-macos-arm64, r-release-macos-x86_64, r-release-windows-x86_64, r-oldrel-macos-arm64, r-oldrel-macos-x86_64, r-oldrel-windows-ix86+x86_64