CRAN Package Check Results for Package MB

Last updated on 2024-05-21 03:55:22 CEST.

Flavor Version Tinstall Tcheck Ttotal Status Flags
r-devel-linux-x86_64-debian-clang 0.1.1 2.26 25.98 28.24 OK
r-devel-linux-x86_64-debian-gcc 0.1.1 1.99 19.98 21.97 OK
r-devel-linux-x86_64-fedora-clang 0.1.1 36.81 NOTE
r-devel-linux-x86_64-fedora-gcc 0.1.1 47.58 NOTE
r-devel-windows-x86_64 0.1.1 3.00 42.00 45.00 OK
r-patched-linux-x86_64 0.1.1 2.38 25.50 27.88 OK
r-release-linux-x86_64 0.1.1 2.51 24.74 27.25 OK
r-release-macos-arm64 0.1.1 20.00 OK
r-release-windows-x86_64 0.1.1 3.00 43.00 46.00 OK
r-oldrel-macos-arm64 0.1.1 22.00 OK
r-oldrel-macos-x86_64 0.1.1 29.00 OK
r-oldrel-windows-x86_64 0.1.1 3.00 43.00 46.00 OK

Check Details

Version: 0.1.1
Check: dependencies in R code
Result: NOTE Namespace in Imports field not imported from: ‘tibble’ All declared Imports should be used. Flavors: r-devel-linux-x86_64-fedora-clang, r-devel-linux-x86_64-fedora-gcc