CRAN Package Check Results for Package MBNMAtime

Last updated on 2021-12-03 19:50:16 CET.

Flavor Version Tinstall Tcheck Ttotal Status Flags
r-devel-linux-x86_64-debian-clang 0.2.1 9.63 452.07 461.70 OK
r-devel-linux-x86_64-debian-gcc 0.2.1 7.31 320.79 328.10 OK
r-devel-linux-x86_64-fedora-clang 0.2.1 550.79 NOTE
r-devel-linux-x86_64-fedora-gcc 0.2.1 552.49 OK
r-devel-windows-x86_64-new-UL 0.2.1 23.00 492.00 515.00 OK
r-devel-windows-x86_64-new-TK 0.2.1 OK
r-devel-windows-x86_64-old 0.2.1 17.00 377.00 394.00 OK
r-patched-linux-x86_64 0.2.1 10.53 424.29 434.82 OK
r-release-linux-x86_64 0.2.1 8.96 431.01 439.97 OK
r-release-macos-arm64 0.2.1 OK
r-release-macos-x86_64 0.2.1 OK
r-release-windows-ix86+x86_64 0.2.1 18.00 503.00 521.00 OK
r-oldrel-macos-x86_64 0.2.1 OK
r-oldrel-windows-ix86+x86_64 0.2.1 17.00 513.00 530.00 OK

Check Details

Version: 0.2.1
Check: Rd cross-references
Result: NOTE
    Undeclared package ‘gemtc’ in Rd xrefs
Flavor: r-devel-linux-x86_64-fedora-clang