CRAN Package Check Results for Package MCMCpack

Last updated on 2021-12-01 06:49:33 CET.

Flavor Version Tinstall Tcheck Ttotal Status Flags
r-devel-linux-x86_64-debian-clang 1.6-0 597.80 192.17 789.97 OK
r-devel-linux-x86_64-debian-gcc 1.6-0 348.18 156.13 504.31 OK
r-devel-linux-x86_64-fedora-clang 1.6-0 1284.50 NOTE
r-devel-linux-x86_64-fedora-gcc 1.6-0 843.06 OK
r-devel-windows-x86_64-new-UL 1.6-0 456.00 278.00 734.00 OK
r-devel-windows-x86_64-new-TK 1.6-0 OK
r-devel-windows-x86_64-old 1.6-0 393.00 186.00 579.00 OK
r-patched-linux-x86_64 1.6-0 363.87 179.70 543.57 OK
r-patched-solaris-x86 1.6-0 1274.40 NOTE
r-release-linux-x86_64 1.6-0 352.98 184.57 537.55 OK
r-release-macos-arm64 1.6-0 NOTE
r-release-macos-x86_64 1.6-0 NOTE
r-release-windows-ix86+x86_64 1.6-0 843.00 310.00 1153.00 NOTE
r-oldrel-macos-x86_64 1.6-0 NOTE
r-oldrel-windows-ix86+x86_64 1.6-0 614.00 289.00 903.00 NOTE

Check Details

Version: 1.6-0
Check: installed package size
Result: NOTE
     installed size is 44.2Mb
     sub-directories of 1Mb or more:
     libs 43.0Mb
Flavors: r-devel-linux-x86_64-fedora-clang, r-patched-solaris-x86, r-release-macos-arm64, r-release-macos-x86_64, r-release-windows-ix86+x86_64, r-oldrel-macos-x86_64, r-oldrel-windows-ix86+x86_64