CRAN Package Check Results for Package MCPModGeneral

Last updated on 2022-01-24 20:49:38 CET.

Flavor Version Tinstall Tcheck Ttotal Status Flags
r-devel-linux-x86_64-debian-clang 0.1-1 3.50 74.05 77.55 NOTE
r-devel-linux-x86_64-debian-gcc 0.1-1 3.58 55.12 58.70 NOTE
r-devel-linux-x86_64-fedora-clang 0.1-1 93.10 NOTE
r-devel-linux-x86_64-fedora-gcc 0.1-1 83.25 NOTE
r-devel-windows-x86_64-new-UL 0.1-1 28.00 132.00 160.00 NOTE
r-devel-windows-x86_64-new-TK 0.1-1 NOTE
r-patched-linux-x86_64 0.1-1 3.33 70.80 74.13 NOTE
r-release-linux-x86_64 0.1-1 3.90 69.13 73.03 NOTE
r-release-macos-arm64 0.1-1 NOTE
r-release-macos-x86_64 0.1-1 NOTE
r-release-windows-ix86+x86_64 0.1-1 9.00 103.00 112.00 NOTE
r-oldrel-macos-x86_64 0.1-1 OK
r-oldrel-windows-ix86+x86_64 0.1-1 8.00 99.00 107.00 OK

Check Details

Version: 0.1-1
Check: LazyData
Result: NOTE
     'LazyData' is specified without a 'data' directory
Flavors: r-devel-linux-x86_64-debian-clang, r-devel-linux-x86_64-debian-gcc, r-devel-linux-x86_64-fedora-clang, r-devel-linux-x86_64-fedora-gcc, r-devel-windows-x86_64-new-UL, r-devel-windows-x86_64-new-TK, r-patched-linux-x86_64, r-release-linux-x86_64, r-release-macos-arm64, r-release-macos-x86_64, r-release-windows-ix86+x86_64