CRAN Package Check Results for Package MGDrivE

Last updated on 2022-05-23 15:53:39 CEST.

Flavor Version Tinstall Tcheck Ttotal Status Flags
r-devel-linux-x86_64-debian-clang 1.6.0 65.90 344.60 410.50 OK
r-devel-linux-x86_64-debian-gcc 1.6.0 54.44 237.81 292.25 OK
r-devel-linux-x86_64-fedora-clang 1.6.0 492.34 OK
r-devel-linux-x86_64-fedora-gcc 1.6.0 487.29 OK
r-devel-windows-x86_64 1.6.0 115.00 394.00 509.00 OK
r-patched-linux-x86_64 1.6.0 67.22 332.80 400.02 OK
r-release-linux-x86_64 1.6.0 OK
r-release-macos-arm64 1.6.0 104.00 OK
r-release-macos-x86_64 1.6.0 144.00 OK
r-release-windows-x86_64 1.6.0 125.00 393.00 518.00 OK
r-oldrel-macos-arm64 1.6.0 121.00 OK
r-oldrel-macos-x86_64 1.6.0 211.00 OK
r-oldrel-windows-ix86+x86_64 1.6.0 131.00 403.00 534.00 NOTE

Check Details

Version: 1.6.0
Check: installed package size
Result: NOTE
     installed size is 5.1Mb
     sub-directories of 1Mb or more:
     doc 2.2Mb
     libs 2.1Mb
Flavor: r-oldrel-windows-ix86+x86_64