CRAN Package Check Results for Package MKmisc

Last updated on 2022-01-21 16:50:59 CET.

Flavor Version Tinstall Tcheck Ttotal Status Flags
r-devel-linux-x86_64-debian-clang 1.8 9.86 111.45 121.31 OK
r-devel-linux-x86_64-debian-gcc 1.8 9.29 80.72 90.01 OK
r-devel-linux-x86_64-fedora-clang 1.8 146.48 NOTE
r-devel-linux-x86_64-fedora-gcc 1.8 135.73 OK
r-devel-windows-x86_64-new-UL 1.8 62.00 140.00 202.00 OK
r-devel-windows-x86_64-new-TK 1.8 OK
r-patched-linux-x86_64 1.8 9.69 102.02 111.71 OK
r-release-linux-x86_64 1.8 6.91 102.69 109.60 OK
r-release-macos-arm64 1.8 NOTE
r-release-macos-x86_64 1.8 OK
r-release-windows-ix86+x86_64 1.8 22.00 127.00 149.00 OK
r-oldrel-macos-x86_64 1.8 OK
r-oldrel-windows-ix86+x86_64 1.8 22.00 127.00 149.00 OK

Check Details

Version: 1.8
Check: Rd cross-references
Result: NOTE
    Undeclared packages ‘rms’, ‘Hmisc’, ‘genefilter’ in Rd xrefs
Flavor: r-devel-linux-x86_64-fedora-clang

Version: 1.8
Check: Rd cross-references
Result: NOTE
    Package unavailable to check Rd xrefs: ‘genefilter’
Flavor: r-release-macos-arm64