CRAN Package Check Results for Package MM2S

Last updated on 2022-05-23 09:51:14 CEST.

Flavor Version Tinstall Tcheck Ttotal Status Flags
r-devel-linux-x86_64-debian-clang 1.0.6 49.79 492.41 542.20 NOTE
r-devel-linux-x86_64-debian-gcc 1.0.6 42.75 385.58 428.33 NOTE
r-devel-linux-x86_64-fedora-clang 1.0.6 700.47 NOTE
r-devel-linux-x86_64-fedora-gcc 1.0.6 653.69 NOTE
r-devel-windows-x86_64 1.0.6 55.00 510.00 565.00 OK
r-patched-linux-x86_64 1.0.6 39.81 470.86 510.67 NOTE
r-release-linux-x86_64 1.0.6 NOTE
r-release-macos-arm64 1.0.6 170.00 OK
r-release-macos-x86_64 1.0.6 243.00 OK
r-release-windows-x86_64 1.0.6 54.00 508.00 562.00 OK
r-oldrel-macos-arm64 1.0.6 245.00 OK
r-oldrel-macos-x86_64 1.0.6 376.00 OK
r-oldrel-windows-ix86+x86_64 1.0.6 96.00 474.00 570.00 OK

Check Details

Version: 1.0.6
Check: for non-standard things in the check directory
Result: NOTE
    Found the following files/directories:
     'MM2S_Predictions_Heatmap.pdf' 'MM2S_Predictions_StackedBarplot.pdf'
Flavors: r-devel-linux-x86_64-debian-clang, r-devel-linux-x86_64-debian-gcc, r-devel-linux-x86_64-fedora-clang, r-devel-linux-x86_64-fedora-gcc, r-patched-linux-x86_64, r-release-linux-x86_64