CRAN Package Check Results for Package MPAgenomics

Last updated on 2022-06-28 07:52:02 CEST.

Flavor Version Tinstall Tcheck Ttotal Status Flags
r-devel-linux-x86_64-debian-clang 1.2.3 13.37 111.95 125.32 OK
r-devel-linux-x86_64-debian-gcc 1.2.3 11.21 85.33 96.54 OK
r-devel-linux-x86_64-fedora-clang 1.2.3 176.89 OK
r-devel-linux-x86_64-fedora-gcc 1.2.3 166.93 OK
r-devel-windows-x86_64 1.2.3 63.00 178.00 241.00 OK
r-patched-linux-x86_64 1.2.3 15.76 108.73 124.49 OK
r-release-linux-x86_64 1.2.3 13.70 107.55 121.25 OK
r-release-macos-arm64 1.2.3 48.00 NOTE
r-release-macos-x86_64 1.2.3 64.00 OK
r-release-windows-x86_64 1.2.3 62.00 178.00 240.00 OK
r-oldrel-macos-arm64 1.2.3 64.00 NOTE
r-oldrel-macos-x86_64 1.2.3 91.00 OK
r-oldrel-windows-ix86+x86_64 1.2.3 27.00 139.00 166.00 OK

Check Details

Version: 1.2.3
Check: package dependencies
Result: NOTE
    Packages suggested but not available for checking:
     'CGHcall', 'aroma.affymetrix', 'aroma.cn', 'aroma.core',
     'aroma.light'
Flavors: r-release-macos-arm64, r-oldrel-macos-arm64