CRAN Package Check Results for Package MPTmultiverse

Last updated on 2022-05-29 06:51:37 CEST.

Flavor Version Tinstall Tcheck Ttotal Status Flags
r-devel-linux-x86_64-debian-clang 0.4-2 9.81 97.34 107.15 NOTE
r-devel-linux-x86_64-debian-gcc 0.4-2 5.41 73.42 78.83 NOTE
r-devel-linux-x86_64-fedora-clang 0.4-2 121.09 NOTE
r-devel-linux-x86_64-fedora-gcc 0.4-2 119.51 NOTE
r-devel-windows-x86_64 0.4-2 33.00 138.00 171.00 NOTE
r-patched-linux-x86_64 0.4-2 8.67 91.08 99.75 NOTE
r-release-linux-x86_64 0.4-2 8.63 91.73 100.36 NOTE
r-release-macos-arm64 0.4-2 55.00 NOTE
r-release-macos-x86_64 0.4-2 63.00 NOTE
r-release-windows-x86_64 0.4-2 34.00 145.00 179.00 NOTE
r-oldrel-macos-arm64 0.4-2 41.00 NOTE
r-oldrel-macos-x86_64 0.4-2 70.00 NOTE
r-oldrel-windows-ix86+x86_64 0.4-2 17.00 140.00 157.00 NOTE

Check Details

Version: 0.4-2
Check: LazyData
Result: NOTE
     'LazyData' is specified without a 'data' directory
Flavors: r-devel-linux-x86_64-debian-clang, r-devel-linux-x86_64-debian-gcc, r-devel-linux-x86_64-fedora-clang, r-devel-linux-x86_64-fedora-gcc, r-devel-windows-x86_64, r-patched-linux-x86_64, r-release-linux-x86_64, r-release-macos-arm64, r-release-macos-x86_64, r-release-windows-x86_64, r-oldrel-macos-arm64, r-oldrel-macos-x86_64, r-oldrel-windows-ix86+x86_64