CRAN Package Check Results for Package MTLR

Last updated on 2022-01-20 22:54:09 CET.

Flavor Version Tinstall Tcheck Ttotal Status Flags
r-devel-linux-x86_64-debian-clang 0.2.1 NOTE
r-devel-linux-x86_64-debian-gcc 0.2.1 26.30 55.49 81.79 NOTE
r-devel-linux-x86_64-fedora-clang 0.2.1 140.43 NOTE
r-devel-linux-x86_64-fedora-gcc 0.2.1 138.39 NOTE
r-devel-windows-x86_64-new-UL 0.2.1 89.00 117.00 206.00 NOTE
r-devel-windows-x86_64-new-TK 0.2.1 NOTE
r-patched-linux-x86_64 0.2.1 28.59 68.72 97.31 NOTE
r-release-linux-x86_64 0.2.1 31.75 66.74 98.49 NOTE
r-release-macos-arm64 0.2.1 NOTE
r-release-macos-x86_64 0.2.1 NOTE
r-release-windows-ix86+x86_64 0.2.1 85.00 128.00 213.00 NOTE
r-oldrel-macos-x86_64 0.2.1 OK
r-oldrel-windows-ix86+x86_64 0.2.1 86.00 132.00 218.00 OK

Check Details

Version: 0.2.1
Check: LazyData
Result: NOTE
     'LazyData' is specified without a 'data' directory
Flavors: r-devel-linux-x86_64-debian-clang, r-devel-linux-x86_64-debian-gcc, r-devel-linux-x86_64-fedora-clang, r-devel-linux-x86_64-fedora-gcc, r-devel-windows-x86_64-new-UL, r-devel-windows-x86_64-new-TK, r-patched-linux-x86_64, r-release-linux-x86_64, r-release-macos-arm64, r-release-macos-x86_64, r-release-windows-ix86+x86_64