Last updated on 2023-02-09 05:54:14 CET.
Flavor | Version | Tinstall | Tcheck | Ttotal | Status | Flags |
---|---|---|---|---|---|---|
r-devel-linux-x86_64-debian-clang | 1.0.1 | 40.79 | 356.18 | 396.97 | OK | |
r-devel-linux-x86_64-debian-gcc | 1.0.1 | 30.70 | 254.72 | 285.42 | OK | |
r-devel-linux-x86_64-fedora-clang | 1.0.1 | 502.76 | NOTE | |||
r-devel-linux-x86_64-fedora-gcc | 1.0.1 | 473.25 | NOTE | |||
r-devel-windows-x86_64 | 1.0.1 | 69.00 | 337.00 | 406.00 | OK | |
r-patched-linux-x86_64 | 1.0.1 | 34.08 | 342.96 | 377.04 | OK | |
r-release-linux-x86_64 | 1.0.1 | 30.86 | 335.94 | 366.80 | OK | |
r-release-macos-arm64 | 1.0.1 | 135.00 | NOTE | |||
r-release-macos-x86_64 | 1.0.1 | 166.00 | NOTE | |||
r-release-windows-x86_64 | 1.0.1 | 63.00 | 366.00 | 429.00 | OK | |
r-oldrel-macos-arm64 | 1.0.1 | 119.00 | NOTE | |||
r-oldrel-macos-x86_64 | 1.0.1 | 157.00 | NOTE | |||
r-oldrel-windows-ix86+x86_64 | 1.0.1 | 90.00 | 367.00 | 457.00 | OK |
Version: 1.0.1
Check: data for non-ASCII characters
Result: NOTE
Note: found 41 marked UTF-8 strings
Flavors: r-devel-linux-x86_64-fedora-clang, r-devel-linux-x86_64-fedora-gcc, r-release-macos-arm64, r-release-macos-x86_64, r-oldrel-macos-arm64, r-oldrel-macos-x86_64