CRAN Package Check Results for Package MatchIt

Last updated on 2022-01-27 02:51:32 CET.

Flavor Version Tinstall Tcheck Ttotal Status Flags
r-devel-linux-x86_64-debian-clang 4.3.3 69.83 224.89 294.72 NOTE
r-devel-linux-x86_64-debian-gcc 4.3.3 49.90 169.03 218.93 NOTE
r-devel-linux-x86_64-fedora-clang 4.3.3 369.01 NOTE
r-devel-linux-x86_64-fedora-gcc 4.3.3 347.42 NOTE
r-devel-windows-x86_64-new-UL 4.3.3 106.00 277.00 383.00 NOTE
r-devel-windows-x86_64-new-TK 4.3.3 NOTE
r-patched-linux-x86_64 4.3.3 56.42 222.22 278.64 NOTE
r-release-linux-x86_64 4.3.3 53.08 226.51 279.59 NOTE
r-release-macos-arm64 4.3.2 NOTE
r-release-macos-x86_64 4.3.3 NOTE
r-release-windows-ix86+x86_64 4.3.3 154.00 333.00 487.00 NOTE
r-oldrel-macos-x86_64 4.3.3 NOTE
r-oldrel-windows-ix86+x86_64 4.3.3 154.00 338.00 492.00 NOTE

Check Details

Version: 4.3.3
Check: package dependencies
Result: NOTE
    Package suggested but not available for checking: 'gurobi'
Flavors: r-devel-linux-x86_64-debian-clang, r-devel-linux-x86_64-debian-gcc, r-devel-linux-x86_64-fedora-clang, r-devel-linux-x86_64-fedora-gcc, r-devel-windows-x86_64-new-UL, r-devel-windows-x86_64-new-TK, r-patched-linux-x86_64, r-release-linux-x86_64, r-release-macos-x86_64, r-release-windows-ix86+x86_64, r-oldrel-macos-x86_64, r-oldrel-windows-ix86+x86_64

Version: 4.3.2
Check: package dependencies
Result: NOTE
    Package suggested but not available for checking: ‘gurobi’
Flavor: r-release-macos-arm64

Version: 4.3.2
Check: installed package size
Result: NOTE
     installed size is 5.2Mb
     sub-directories of 1Mb or more:
     doc 1.5Mb
     libs 2.8Mb
Flavor: r-release-macos-arm64