Last updated on 2022-05-29 02:49:03 CEST.
Flavor | Version | Tinstall | Tcheck | Ttotal | Status | Flags |
---|---|---|---|---|---|---|
r-devel-linux-x86_64-debian-clang | 0.1.10 | 151.37 | 214.81 | 366.18 | OK | |
r-devel-linux-x86_64-debian-gcc | 0.1.10 | 124.74 | 159.37 | 284.11 | OK | |
r-devel-linux-x86_64-fedora-clang | 0.1.10 | 505.63 | NOTE | |||
r-devel-linux-x86_64-fedora-gcc | 0.1.10 | 463.19 | OK | |||
r-devel-windows-x86_64 | 0.1.10 | 237.00 | 245.00 | 482.00 | OK | |
r-patched-linux-x86_64 | 0.1.10 | 127.81 | 204.32 | 332.13 | OK | |
r-release-linux-x86_64 | 0.1.10 | 147.06 | 205.12 | 352.18 | OK | |
r-release-macos-arm64 | 0.1.10 | 139.00 | NOTE | |||
r-release-macos-x86_64 | 0.1.10 | 157.00 | NOTE | |||
r-release-windows-x86_64 | 0.1.10 | 232.00 | 249.00 | 481.00 | OK | |
r-oldrel-macos-arm64 | 0.1.10 | 138.00 | NOTE | |||
r-oldrel-macos-x86_64 | 0.1.10 | 159.00 | NOTE | |||
r-oldrel-windows-ix86+x86_64 | 0.1.10 | 328.00 | 334.00 | 662.00 | NOTE |
Version: 0.1.10
Check: installed package size
Result: NOTE
installed size is 8.4Mb
sub-directories of 1Mb or more:
R 1.2Mb
libs 7.0Mb
Flavors: r-devel-linux-x86_64-fedora-clang, r-release-macos-arm64, r-release-macos-x86_64, r-oldrel-macos-arm64, r-oldrel-macos-x86_64, r-oldrel-windows-ix86+x86_64