Last updated on 2022-05-18 16:49:53 CEST.
Flavor | Version | Tinstall | Tcheck | Ttotal | Status | Flags |
---|---|---|---|---|---|---|
r-devel-linux-x86_64-debian-clang | 0.2 | 32.55 | 56.84 | 89.39 | NOTE | |
r-devel-linux-x86_64-debian-gcc | 0.2 | 25.20 | 44.93 | 70.13 | NOTE | |
r-devel-linux-x86_64-fedora-clang | 0.2 | 120.55 | NOTE | |||
r-devel-linux-x86_64-fedora-gcc | 0.2 | 113.83 | NOTE | |||
r-devel-windows-x86_64 | 0.2 | 40.00 | 93.00 | 133.00 | NOTE | |
r-patched-linux-x86_64 | 0.2 | 28.03 | 55.15 | 83.18 | NOTE | |
r-release-linux-x86_64 | 0.2 | 27.63 | 56.01 | 83.64 | NOTE | |
r-release-macos-arm64 | 0.2 | 36.00 | NOTE | |||
r-release-macos-x86_64 | 0.2 | 43.00 | NOTE | |||
r-release-windows-x86_64 | 0.2 | 34.00 | 94.00 | 128.00 | NOTE | |
r-oldrel-macos-arm64 | 0.2 | 38.00 | NOTE | |||
r-oldrel-macos-x86_64 | 0.2 | 59.00 | NOTE | |||
r-oldrel-windows-ix86+x86_64 | 0.2 | 86.00 | 117.00 | 203.00 | NOTE |
Version: 0.2
Check: LazyData
Result: NOTE
'LazyData' is specified without a 'data' directory
Flavors: r-devel-linux-x86_64-debian-clang, r-devel-linux-x86_64-debian-gcc, r-devel-linux-x86_64-fedora-clang, r-devel-linux-x86_64-fedora-gcc, r-devel-windows-x86_64, r-patched-linux-x86_64, r-release-linux-x86_64, r-release-macos-arm64, r-release-macos-x86_64, r-release-windows-x86_64, r-oldrel-macos-arm64, r-oldrel-macos-x86_64, r-oldrel-windows-ix86+x86_64