Last updated on 2023-05-30 14:56:50 CEST.
Flavor | Version | Tinstall | Tcheck | Ttotal | Status | Flags |
---|---|---|---|---|---|---|
r-devel-linux-x86_64-debian-clang | 1.0.9 | 64.00 | 529.89 | 593.89 | OK | |
r-devel-linux-x86_64-debian-gcc | 1.0.9 | 57.97 | 406.67 | 464.64 | OK | |
r-devel-linux-x86_64-fedora-clang | 1.0.9 | 748.68 | OK | |||
r-devel-linux-x86_64-fedora-gcc | 1.0.9 | 779.28 | OK | |||
r-devel-windows-x86_64 | 1.0.9 | 58.00 | 432.00 | 490.00 | OK | |
r-patched-linux-x86_64 | 1.0.9 | 66.01 | 512.83 | 578.84 | OK | |
r-release-linux-x86_64 | 1.0.9 | 60.21 | 508.86 | 569.07 | OK | |
r-release-macos-arm64 | 1.0.9 | 169.00 | NOTE | |||
r-release-macos-x86_64 | 1.0.9 | 293.00 | NOTE | |||
r-release-windows-x86_64 | 1.0.9 | 73.00 | 563.00 | 636.00 | OK | |
r-oldrel-macos-arm64 | 1.0.9 | 139.00 | NOTE | |||
r-oldrel-macos-x86_64 | 1.0.9 | 320.00 | OK | |||
r-oldrel-windows-x86_64 | 1.0.9 | 72.00 | 518.00 | 590.00 | OK |
Version: 1.0.9
Check: package dependencies
Result: NOTE
Package suggested but not available for checking: ‘TxDb.Hsapiens.UCSC.hg19.knownGene’
Flavors: r-release-macos-arm64, r-release-macos-x86_64, r-oldrel-macos-arm64