CRAN Package Check Results for Package Mega2R

Last updated on 2022-05-18 03:53:42 CEST.

Flavor Version Tinstall Tcheck Ttotal Status Flags
r-devel-linux-x86_64-debian-clang 1.0.9 66.07 520.50 586.57 OK
r-devel-linux-x86_64-debian-gcc 1.0.9 53.97 393.77 447.74 OK
r-devel-linux-x86_64-fedora-clang 1.0.9 751.70 OK
r-devel-linux-x86_64-fedora-gcc 1.0.9 785.03 OK
r-devel-windows-x86_64 1.0.9 81.00 567.00 648.00 OK
r-patched-linux-x86_64 1.0.9 66.97 491.48 558.45 OK
r-release-linux-x86_64 1.0.9 60.34 493.64 553.98 OK
r-release-macos-arm64 1.0.9 139.00 NOTE
r-release-macos-x86_64 1.0.9 320.00 OK
r-release-windows-x86_64 1.0.9 82.00 547.00 629.00 OK
r-oldrel-macos-arm64 1.0.9 168.00 OK
r-oldrel-macos-x86_64 1.0.9 248.00 OK
r-oldrel-windows-ix86+x86_64 1.0.9 140.00 745.00 885.00 OK

Check Details

Version: 1.0.9
Check: package dependencies
Result: NOTE
    Package suggested but not available for checking: ‘TxDb.Hsapiens.UCSC.hg19.knownGene’
Flavor: r-release-macos-arm64