CRAN Package Check Results for Package MetaLandSim

Last updated on 2022-05-19 02:49:16 CEST.

Flavor Version Tinstall Tcheck Ttotal Status Flags
r-devel-linux-x86_64-debian-clang 1.0.9 72.42 587.36 659.78 OK
r-devel-linux-x86_64-debian-gcc 1.0.9 54.04 420.63 474.67 OK
r-devel-linux-x86_64-fedora-clang 1.0.9 776.98 NOTE
r-devel-linux-x86_64-fedora-gcc 1.0.9 828.17 NOTE
r-devel-windows-x86_64 1.0.9 124.00 495.00 619.00 OK
r-patched-linux-x86_64 1.0.9 76.18 557.02 633.20 OK
r-release-linux-x86_64 1.0.9 71.28 561.72 633.00 OK
r-release-macos-arm64 1.0.9 411.00 NOTE
r-release-macos-x86_64 1.0.9 676.00 NOTE
r-release-windows-x86_64 1.0.9 104.00 488.00 592.00 OK
r-oldrel-macos-arm64 1.0.9 266.00 NOTE
r-oldrel-macos-x86_64 1.0.9 382.00 NOTE
r-oldrel-windows-ix86+x86_64 1.0.9 109.00 581.00 690.00 OK

Check Details

Version: 1.0.9
Check: dependencies in R code
Result: NOTE
    Namespace in Imports field not imported from: ‘knitr’
     All declared Imports should be used.
Flavors: r-devel-linux-x86_64-fedora-clang, r-devel-linux-x86_64-fedora-gcc, r-release-macos-arm64, r-release-macos-x86_64, r-oldrel-macos-arm64, r-oldrel-macos-x86_64