CRAN Package Check Results for Package MetaheuristicFPA

Last updated on 2022-05-17 22:51:31 CEST.

Flavor Version Tinstall Tcheck Ttotal Status Flags
r-devel-linux-x86_64-debian-clang 1.0 31.79 35.41 67.20 OK
r-devel-linux-x86_64-debian-gcc 1.0 25.72 27.88 53.60 OK
r-devel-linux-x86_64-fedora-clang 1.0 93.80 NOTE
r-devel-linux-x86_64-fedora-gcc 1.0 89.67 NOTE
r-devel-windows-x86_64 1.0 40.00 74.00 114.00 OK
r-patched-linux-x86_64 1.0 26.37 34.69 61.06 OK
r-release-linux-x86_64 1.0 28.52 34.66 63.18 OK
r-release-macos-arm64 1.0 25.00 OK
r-release-macos-x86_64 1.0 31.00 OK
r-release-windows-x86_64 1.0 44.00 71.00 115.00 OK
r-oldrel-macos-arm64 1.0 30.00 OK
r-oldrel-macos-x86_64 1.0 53.00 OK
r-oldrel-windows-ix86+x86_64 1.0 81.00 82.00 163.00 OK

Check Details

Version: 1.0
Check: compiled code
Result: NOTE
    File ‘MetaheuristicFPA/libs/MetaheuristicFPA.so’:
     Found no calls to: ‘R_registerRoutines’, ‘R_useDynamicSymbols’
    
    It is good practice to register native routines and to disable symbol
    search.
    
    See ‘Writing portable packages’ in the ‘Writing R Extensions’ manual.
Flavors: r-devel-linux-x86_64-fedora-clang, r-devel-linux-x86_64-fedora-gcc