CRAN Package Check Results for Package Metatron

Last updated on 2021-12-07 05:55:10 CET.

Flavor Version Tinstall Tcheck Ttotal Status Flags
r-devel-linux-x86_64-debian-clang 0.1-1 8.48 87.11 95.59 NOTE
r-devel-linux-x86_64-debian-gcc 0.1-1 8.44 68.59 77.03 NOTE
r-devel-linux-x86_64-fedora-clang 0.1-1 119.64 NOTE
r-devel-linux-x86_64-fedora-gcc 0.1-1 108.36 NOTE
r-devel-windows-x86_64-new-UL 0.1-1 15.00 116.00 131.00 NOTE
r-devel-windows-x86_64-new-TK 0.1-1 NOTE
r-devel-windows-x86_64-old 0.1-1 14.00 104.00 118.00 NOTE
r-patched-linux-x86_64 0.1-1 13.37 85.21 98.58 NOTE
r-release-linux-x86_64 0.1-1 8.66 87.93 96.59 NOTE
r-release-macos-arm64 0.1-1 NOTE
r-release-macos-x86_64 0.1-1 NOTE
r-release-windows-ix86+x86_64 0.1-1 13.00 103.00 116.00 NOTE
r-oldrel-macos-x86_64 0.1-1 NOTE
r-oldrel-windows-ix86+x86_64 0.1-1 20.00 100.00 120.00 NOTE

Check Details

Version: 0.1-1
Check: R code for possible problems
Result: NOTE
    fit.bivar: no visible binding for global variable 'binomial'
    summary.fit.bivar: no visible global function definition for 'qt'
    summary.fit.bivar: no visible global function definition for 'pt'
    Undefined global functions or variables:
     binomial pt qt
    Consider adding
     importFrom("stats", "binomial", "pt", "qt")
    to your NAMESPACE file.
Flavors: r-devel-linux-x86_64-debian-clang, r-devel-linux-x86_64-debian-gcc, r-devel-linux-x86_64-fedora-clang, r-devel-linux-x86_64-fedora-gcc, r-devel-windows-x86_64-new-UL, r-devel-windows-x86_64-new-TK, r-devel-windows-x86_64-old, r-patched-linux-x86_64, r-release-linux-x86_64, r-release-macos-arm64, r-release-macos-x86_64, r-release-windows-ix86+x86_64, r-oldrel-macos-x86_64, r-oldrel-windows-ix86+x86_64