Last updated on 2022-05-18 06:50:47 CEST.
Flavor | Version | Tinstall | Tcheck | Ttotal | Status | Flags |
---|---|---|---|---|---|---|
r-devel-linux-x86_64-debian-clang | 1.0 | 40.94 | 150.96 | 191.90 | OK | |
r-devel-linux-x86_64-debian-gcc | 1.0 | 34.93 | 109.63 | 144.56 | OK | |
r-devel-linux-x86_64-fedora-clang | 1.0 | 244.78 | NOTE | |||
r-devel-linux-x86_64-fedora-gcc | 1.0 | 241.05 | NOTE | |||
r-devel-windows-x86_64 | 1.0 | 42.00 | 191.00 | 233.00 | OK | |
r-patched-linux-x86_64 | 1.0 | 39.36 | 138.36 | 177.72 | OK | |
r-release-linux-x86_64 | 1.0 | 39.28 | 141.92 | 181.20 | OK | |
r-release-macos-arm64 | 1.0 | 63.00 | OK | |||
r-release-macos-x86_64 | 1.0 | 103.00 | OK | |||
r-release-windows-x86_64 | 1.0 | 42.00 | 183.00 | 225.00 | OK | |
r-oldrel-macos-arm64 | 1.0 | 60.00 | OK | |||
r-oldrel-macos-x86_64 | 1.0 | 118.00 | OK | |||
r-oldrel-windows-ix86+x86_64 | 1.0 | 109.00 | 247.00 | 356.00 | OK |
Version: 1.0
Check: compiled code
Result: NOTE
File ‘MiSPU/libs/MiSPU.so’:
Found no calls to: ‘R_registerRoutines’, ‘R_useDynamicSymbols’
It is good practice to register native routines and to disable symbol
search.
See ‘Writing portable packages’ in the ‘Writing R Extensions’ manual.
Flavors: r-devel-linux-x86_64-fedora-clang, r-devel-linux-x86_64-fedora-gcc