CRAN Package Check Results for Package MinEDfind

Last updated on 2022-05-17 22:51:32 CEST.

Flavor Version Tinstall Tcheck Ttotal Status Flags
r-devel-linux-x86_64-debian-clang 0.1.3 5.71 69.86 75.57 NOTE
r-devel-linux-x86_64-debian-gcc 0.1.3 3.95 51.79 55.74 NOTE
r-devel-linux-x86_64-fedora-clang 0.1.3 89.47 NOTE
r-devel-linux-x86_64-fedora-gcc 0.1.3 93.13 NOTE
r-devel-windows-x86_64 0.1.3 13.00 84.00 97.00 NOTE
r-patched-linux-x86_64 0.1.3 4.85 66.15 71.00 NOTE
r-release-linux-x86_64 0.1.3 5.86 65.01 70.87 NOTE
r-release-macos-arm64 0.1.3 24.00 NOTE
r-release-macos-x86_64 0.1.3 47.00 NOTE
r-release-windows-x86_64 0.1.3 13.00 83.00 96.00 NOTE
r-oldrel-macos-arm64 0.1.3 32.00 NOTE
r-oldrel-macos-x86_64 0.1.3 42.00 NOTE
r-oldrel-windows-ix86+x86_64 0.1.3 16.00 78.00 94.00 NOTE

Check Details

Version: 0.1.3
Check: LazyData
Result: NOTE
     'LazyData' is specified without a 'data' directory
Flavors: r-devel-linux-x86_64-debian-clang, r-devel-linux-x86_64-debian-gcc, r-devel-linux-x86_64-fedora-clang, r-devel-linux-x86_64-fedora-gcc, r-devel-windows-x86_64, r-patched-linux-x86_64, r-release-linux-x86_64, r-release-macos-arm64, r-release-macos-x86_64, r-release-windows-x86_64, r-oldrel-macos-arm64, r-oldrel-macos-x86_64, r-oldrel-windows-ix86+x86_64