CRAN Package Check Results for Package MixOptim

Last updated on 2022-05-18 17:50:01 CEST.

Flavor Version Tinstall Tcheck Ttotal Status Flags
r-devel-linux-x86_64-debian-clang 0.1.2 5.87 253.42 259.29 NOTE
r-devel-linux-x86_64-debian-gcc 0.1.2 4.97 172.57 177.54 NOTE
r-devel-linux-x86_64-fedora-clang 0.1.2 275.44 NOTE
r-devel-linux-x86_64-fedora-gcc 0.1.2 288.88 NOTE
r-devel-windows-x86_64 0.1.2 14.00 253.00 267.00 NOTE
r-patched-linux-x86_64 0.1.2 5.00 226.50 231.50 NOTE
r-release-linux-x86_64 0.1.2 5.52 232.27 237.79 NOTE
r-release-macos-arm64 0.1.2 75.00 NOTE
r-release-macos-x86_64 0.1.2 127.00 NOTE
r-release-windows-x86_64 0.1.2 15.00 248.00 263.00 NOTE
r-oldrel-macos-arm64 0.1.2 116.00 NOTE
r-oldrel-macos-x86_64 0.1.2 125.00 NOTE
r-oldrel-windows-ix86+x86_64 0.1.2 16.00 270.00 286.00 NOTE

Check Details

Version: 0.1.2
Check: LazyData
Result: NOTE
     'LazyData' is specified without a 'data' directory
Flavors: r-devel-linux-x86_64-debian-clang, r-devel-linux-x86_64-debian-gcc, r-devel-linux-x86_64-fedora-clang, r-devel-linux-x86_64-fedora-gcc, r-devel-windows-x86_64, r-patched-linux-x86_64, r-release-linux-x86_64, r-release-macos-arm64, r-release-macos-x86_64, r-release-windows-x86_64, r-oldrel-macos-arm64, r-oldrel-macos-x86_64, r-oldrel-windows-ix86+x86_64

Version: 0.1.2
Check: dependencies in R code
Result: NOTE
    Namespace in Imports field not imported from: ‘rlang’
     All declared Imports should be used.
Flavors: r-devel-linux-x86_64-fedora-clang, r-devel-linux-x86_64-fedora-gcc, r-release-macos-arm64, r-release-macos-x86_64, r-oldrel-macos-arm64, r-oldrel-macos-x86_64