CRAN Package Check Results for Package MixTwice

Last updated on 2022-06-29 01:50:26 CEST.

Flavor Version Tinstall Tcheck Ttotal Status Flags
r-devel-linux-x86_64-debian-clang 2.0 2.18 29.10 31.28 OK
r-devel-linux-x86_64-debian-gcc 2.0 2.08 21.90 23.98 OK
r-devel-linux-x86_64-fedora-clang 2.0 48.41 NOTE
r-devel-linux-x86_64-fedora-gcc 2.0 47.12 NOTE
r-devel-windows-x86_64 2.0 7.00 55.00 62.00 OK
r-patched-linux-x86_64 2.0 2.23 28.01 30.24 OK
r-release-linux-x86_64 2.0 1.71 27.34 29.05 OK
r-release-macos-arm64 2.0 19.00 NOTE
r-release-macos-x86_64 2.0 25.00 NOTE
r-release-windows-x86_64 2.0 10.00 54.00 64.00 OK
r-oldrel-macos-arm64 2.0 19.00 NOTE
r-oldrel-macos-x86_64 2.0 23.00 NOTE
r-oldrel-windows-ix86+x86_64 2.0 7.00 51.00 58.00 OK

Check Details

Version: 2.0
Check: dependencies in R code
Result: NOTE
    Namespaces in Imports field not imported from:
     ‘ashr’ ‘fdrtool’
     All declared Imports should be used.
Flavors: r-devel-linux-x86_64-fedora-clang, r-devel-linux-x86_64-fedora-gcc, r-release-macos-arm64, r-release-macos-x86_64, r-oldrel-macos-arm64, r-oldrel-macos-x86_64