CRAN Package Check Results for Package MoMPCA

Last updated on 2022-01-21 17:48:34 CET.

Flavor Version Tinstall Tcheck Ttotal Status Flags
r-devel-linux-x86_64-debian-clang 1.0.1 5.22 68.03 73.25 OK
r-devel-linux-x86_64-debian-gcc 1.0.1 4.46 52.48 56.94 OK
r-devel-linux-x86_64-fedora-clang 1.0.1 89.61 NOTE
r-devel-linux-x86_64-fedora-gcc 1.0.1 83.58 NOTE
r-devel-windows-x86_64-new-UL 1.0.1 40.00 351.00 391.00 OK
r-devel-windows-x86_64-new-TK 1.0.1 NOTE
r-patched-linux-x86_64 1.0.1 10.06 64.37 74.43 OK
r-release-linux-x86_64 1.0.1 5.39 65.54 70.93 OK
r-release-macos-arm64 1.0.1 NOTE
r-release-macos-x86_64 1.0.1 NOTE
r-release-windows-ix86+x86_64 1.0.1 15.00 491.00 506.00 OK
r-oldrel-macos-x86_64 1.0.1 NOTE
r-oldrel-windows-ix86+x86_64 1.0.1 15.00 539.00 554.00 OK

Check Details

Version: 1.0.1
Check: data for non-ASCII characters
Result: NOTE
     Note: found 16 marked UTF-8 strings
Flavors: r-devel-linux-x86_64-fedora-clang, r-devel-linux-x86_64-fedora-gcc, r-devel-windows-x86_64-new-TK, r-release-macos-arm64, r-release-macos-x86_64, r-oldrel-macos-x86_64