Last updated on 2022-05-19 00:52:55 CEST.
Flavor | Version | Tinstall | Tcheck | Ttotal | Status | Flags |
---|---|---|---|---|---|---|
r-devel-linux-x86_64-debian-clang | 2.0.0 | 4.95 | 43.55 | 48.50 | OK | |
r-devel-linux-x86_64-debian-gcc | 2.0.0 | 5.15 | 34.20 | 39.35 | OK | |
r-devel-linux-x86_64-fedora-clang | 2.0.0 | 61.14 | NOTE | |||
r-devel-linux-x86_64-fedora-gcc | 2.0.0 | 58.59 | NOTE | |||
r-devel-windows-x86_64 | 2.0.0 | 48.00 | 61.00 | 109.00 | OK | |
r-patched-linux-x86_64 | 2.0.0 | 4.10 | 41.64 | 45.74 | OK | |
r-release-linux-x86_64 | 2.0.0 | 3.83 | 42.28 | 46.11 | OK | |
r-release-macos-arm64 | 2.0.0 | 22.00 | NOTE | |||
r-release-macos-x86_64 | 2.0.0 | 37.00 | NOTE | |||
r-release-windows-x86_64 | 2.0.0 | 45.00 | 60.00 | 105.00 | OK | |
r-oldrel-macos-arm64 | 2.0.0 | 31.00 | NOTE | |||
r-oldrel-macos-x86_64 | 2.0.0 | 46.00 | NOTE | |||
r-oldrel-windows-ix86+x86_64 | 2.0.0 | 18.00 | 67.00 | 85.00 | OK |
Version: 2.0.0
Check: dependencies in R code
Result: NOTE
Namespace in Imports field not imported from: ‘testthat’
All declared Imports should be used.
Flavors: r-devel-linux-x86_64-fedora-clang, r-devel-linux-x86_64-fedora-gcc, r-release-macos-arm64, r-release-macos-x86_64, r-oldrel-macos-arm64, r-oldrel-macos-x86_64