Last updated on 2022-05-18 17:50:01 CEST.
Flavor | Version | Tinstall | Tcheck | Ttotal | Status | Flags |
---|---|---|---|---|---|---|
r-devel-linux-x86_64-debian-clang | 0.0.2 | 2.17 | 42.00 | 44.17 | OK | |
r-devel-linux-x86_64-debian-gcc | 0.0.2 | 1.82 | 32.40 | 34.22 | OK | |
r-devel-linux-x86_64-fedora-clang | 0.0.2 | 52.53 | OK | |||
r-devel-linux-x86_64-fedora-gcc | 0.0.2 | 49.79 | OK | |||
r-devel-windows-x86_64 | 0.0.2 | 157.00 | 60.00 | 217.00 | OK | |
r-patched-linux-x86_64 | 0.0.2 | 2.21 | 40.08 | 42.29 | OK | |
r-release-linux-x86_64 | 0.0.2 | 1.90 | 39.45 | 41.35 | OK | |
r-release-macos-arm64 | 0.0.2 | 17.00 | OK | |||
r-release-macos-x86_64 | 0.0.2 | 6.00 | ERROR | |||
r-release-windows-x86_64 | 0.0.2 | 176.00 | 59.00 | 235.00 | OK | |
r-oldrel-macos-arm64 | 0.0.2 | 15.00 | OK | |||
r-oldrel-macos-x86_64 | 0.0.2 | 27.00 | OK | |||
r-oldrel-windows-ix86+x86_64 | 0.0.2 | 5.00 | 56.00 | 61.00 | OK |
Version: 0.0.2
Check: package dependencies
Result: ERROR
Package required but not available: ‘MultivariateRandomForest’
See section ‘The DESCRIPTION file’ in the ‘Writing R Extensions’
manual.
Flavor: r-release-macos-x86_64