CRAN Package Check Results for Package N2R

Last updated on 2022-05-23 19:51:04 CEST.

Flavor Version Tinstall Tcheck Ttotal Status Flags
r-devel-linux-x86_64-debian-clang 1.0.1 97.08 78.48 175.56 NOTE
r-devel-linux-x86_64-debian-gcc 1.0.1 76.68 59.84 136.52 NOTE
r-devel-windows-x86_64 1.0.1 74.00 113.00 187.00 NOTE
r-patched-linux-x86_64 1.0.1 83.43 76.14 159.57 NOTE
r-release-linux-x86_64 1.0.1 NOTE
r-release-macos-arm64 1.0.1 58.00 NOTE
r-release-macos-x86_64 1.0.1 75.00 NOTE
r-release-windows-x86_64 1.0.1 73.00 116.00 189.00 NOTE
r-oldrel-macos-arm64 1.0.1 43.00 NOTE
r-oldrel-macos-x86_64 1.0.1 74.00 NOTE
r-oldrel-windows-ix86+x86_64 1.0.1 222.00 131.00 353.00 NOTE

Check Details

Version: 1.0.1
Check: for GNU extensions in Makefiles
Result: NOTE
    GNU make is a SystemRequirements.
Flavors: r-devel-linux-x86_64-debian-clang, r-devel-linux-x86_64-debian-gcc, r-devel-windows-x86_64, r-patched-linux-x86_64, r-release-linux-x86_64, r-release-macos-arm64, r-release-macos-x86_64, r-release-windows-x86_64, r-oldrel-macos-arm64, r-oldrel-macos-x86_64, r-oldrel-windows-ix86+x86_64

Version: 1.0.1
Check: installed package size
Result: NOTE
     installed size is 5.9Mb
     sub-directories of 1Mb or more:
     libs 5.8Mb
Flavors: r-release-macos-arm64, r-release-macos-x86_64, r-oldrel-macos-arm64, r-oldrel-macos-x86_64