CRAN Package Check Results for Package NADA2

Last updated on 2022-01-21 17:48:35 CET.

Flavor Version Tinstall Tcheck Ttotal Status Flags
r-devel-linux-x86_64-debian-clang 1.0.1 17.45 159.81 177.26 OK
r-devel-linux-x86_64-debian-gcc 1.0.1 14.76 119.11 133.87 OK
r-devel-linux-x86_64-fedora-clang 1.0.1 216.65 NOTE
r-devel-linux-x86_64-fedora-gcc 1.0.1 212.12 NOTE
r-devel-windows-x86_64-new-UL 1.0.1 46.00 184.00 230.00 OK
r-devel-windows-x86_64-new-TK 1.0.1 NOTE
r-patched-linux-x86_64 1.0.1 19.44 149.56 169.00 OK
r-release-linux-x86_64 1.0.1 13.47 150.79 164.26 OK
r-release-macos-arm64 1.0.1 NOTE
r-release-macos-x86_64 1.0.1 NOTE
r-release-windows-ix86+x86_64 1.0.1 39.00 188.00 227.00 OK
r-oldrel-macos-x86_64 1.0.1 NOTE
r-oldrel-windows-ix86+x86_64 1.0.1 35.00 182.00 217.00 OK

Check Details

Version: 1.0.1
Check: dependencies in R code
Result: NOTE
    Namespaces in Imports field not imported from:
     ‘Kendall’ ‘perm’
     All declared Imports should be used.
Flavors: r-devel-linux-x86_64-fedora-clang, r-devel-linux-x86_64-fedora-gcc, r-devel-windows-x86_64-new-TK, r-release-macos-arm64, r-release-macos-x86_64, r-oldrel-macos-x86_64