Last updated on 2022-05-16 08:50:13 CEST.
Flavor | Version | Tinstall | Tcheck | Ttotal | Status | Flags |
---|---|---|---|---|---|---|
r-devel-linux-x86_64-debian-clang | 0.4.1 | 33.05 | 552.01 | 585.06 | NOTE | |
r-devel-linux-x86_64-debian-gcc | 0.4.1 | 28.25 | 406.66 | 434.91 | NOTE | |
r-devel-linux-x86_64-fedora-clang | 0.4.1 | 661.03 | NOTE | |||
r-devel-linux-x86_64-fedora-gcc | 0.4.1 | 671.12 | NOTE | |||
r-devel-windows-x86_64 | 0.4.1 | 102.00 | 771.00 | 873.00 | NOTE | |
r-patched-linux-x86_64 | 0.4.1 | 39.65 | 511.65 | 551.30 | NOTE | |
r-release-linux-x86_64 | 0.4.1 | 32.50 | 514.44 | 546.94 | NOTE | |
r-release-macos-arm64 | 0.4.1 | 181.00 | NOTE | |||
r-release-macos-x86_64 | 0.4.1 | 312.00 | NOTE | |||
r-release-windows-x86_64 | 0.4.1 | 120.00 | 799.00 | 919.00 | NOTE | |
r-oldrel-macos-arm64 | 0.4.1 | 196.00 | NOTE | |||
r-oldrel-macos-x86_64 | 0.4.1 | 285.00 | NOTE | |||
r-oldrel-windows-ix86+x86_64 | 0.4.1 | 66.00 | 699.00 | 765.00 | NOTE |
Version: 0.4.1
Check: LazyData
Result: NOTE
'LazyData' is specified without a 'data' directory
Flavors: r-devel-linux-x86_64-debian-clang, r-devel-linux-x86_64-debian-gcc, r-devel-linux-x86_64-fedora-clang, r-devel-linux-x86_64-fedora-gcc, r-devel-windows-x86_64, r-patched-linux-x86_64, r-release-linux-x86_64, r-release-macos-arm64, r-release-macos-x86_64, r-release-windows-x86_64, r-oldrel-macos-arm64, r-oldrel-macos-x86_64, r-oldrel-windows-ix86+x86_64
Version: 0.4.1
Check: dependencies in R code
Result: NOTE
Namespaces in Imports field not imported from:
‘glmnet’ ‘mlr3learners’
All declared Imports should be used.
Flavors: r-devel-linux-x86_64-fedora-clang, r-devel-linux-x86_64-fedora-gcc, r-release-macos-arm64, r-release-macos-x86_64, r-oldrel-macos-arm64, r-oldrel-macos-x86_64