CRAN Package Check Results for Package NAM

Last updated on 2022-05-22 18:53:28 CEST.

Flavor Version Tinstall Tcheck Ttotal Status Flags
r-devel-linux-x86_64-debian-clang 1.7.3 53.66 90.33 143.99 OK
r-devel-linux-x86_64-debian-gcc 1.7.3 38.40 68.98 107.38 OK
r-devel-linux-x86_64-fedora-clang 1.7.3 190.06 NOTE
r-devel-linux-x86_64-fedora-gcc 1.7.3 170.66 OK
r-devel-windows-x86_64 1.7.3 50.00 121.00 171.00 OK
r-patched-linux-x86_64 1.7.3 44.58 86.56 131.14 OK
r-release-linux-x86_64 1.7.3 38.97 88.15 127.12 OK
r-release-macos-arm64 1.7.3 40.00 NOTE
r-release-macos-x86_64 1.7.3 64.00 NOTE
r-release-windows-x86_64 1.7.3 45.00 126.00 171.00 OK
r-oldrel-macos-arm64 1.7.3 53.00 NOTE
r-oldrel-macos-x86_64 1.7.3 98.00 NOTE
r-oldrel-windows-ix86+x86_64 1.7.3 99.00 128.00 227.00 OK

Check Details

Version: 1.7.3
Check: installed package size
Result: NOTE
     installed size is 5.7Mb
     sub-directories of 1Mb or more:
     libs 3.4Mb
Flavors: r-devel-linux-x86_64-fedora-clang, r-release-macos-arm64, r-release-macos-x86_64, r-oldrel-macos-arm64, r-oldrel-macos-x86_64