Last updated on 2022-05-17 05:52:52 CEST.
Flavor | Version | Tinstall | Tcheck | Ttotal | Status | Flags |
---|---|---|---|---|---|---|
r-devel-linux-x86_64-debian-clang | 1.0.0 | 6.82 | 94.07 | 100.89 | OK | |
r-devel-linux-x86_64-debian-gcc | 1.0.0 | 4.73 | 68.53 | 73.26 | OK | |
r-devel-linux-x86_64-fedora-clang | 1.0.0 | 121.98 | OK | |||
r-devel-linux-x86_64-fedora-gcc | 1.0.0 | 126.57 | OK | |||
r-devel-windows-x86_64 | 1.0.0 | 40.00 | 111.00 | 151.00 | OK | |
r-patched-linux-x86_64 | 1.0.0 | 6.63 | 87.92 | 94.55 | OK | |
r-release-linux-x86_64 | 1.0.0 | 6.09 | 87.92 | 94.01 | OK | |
r-release-macos-arm64 | 1.0.0 | 37.00 | NOTE | |||
r-release-macos-x86_64 | 1.0.0 | 46.00 | NOTE | |||
r-release-windows-x86_64 | 1.0.0 | 44.00 | 108.00 | 152.00 | OK | |
r-oldrel-macos-arm64 | 1.0.0 | 44.00 | NOTE | |||
r-oldrel-macos-x86_64 | 1.0.0 | 66.00 | NOTE | |||
r-oldrel-windows-ix86+x86_64 | 1.0.0 | 11.00 | 110.00 | 121.00 | OK |
Version: 1.0.0
Check: package dependencies
Result: NOTE
Packages suggested but not available for checking: 'BiocGenerics', 'DEXSeq'
Flavor: r-release-macos-arm64
Version: 1.0.0
Check: Rd cross-references
Result: NOTE
Package unavailable to check Rd xrefs: ‘DEXSeq’
Flavors: r-release-macos-arm64, r-release-macos-x86_64, r-oldrel-macos-arm64, r-oldrel-macos-x86_64
Version: 1.0.0
Check: package dependencies
Result: NOTE
Package suggested but not available for checking: ‘DEXSeq’
Flavors: r-release-macos-x86_64, r-oldrel-macos-arm64, r-oldrel-macos-x86_64