CRAN Package Check Results for Package NCutYX

Last updated on 2022-05-27 19:54:00 CEST.

Flavor Version Tinstall Tcheck Ttotal Status Flags
r-devel-linux-x86_64-debian-clang 0.1.0 35.95 88.19 124.14 OK
r-devel-linux-x86_64-debian-gcc 0.1.0 26.92 65.88 92.80 OK
r-devel-linux-x86_64-fedora-clang 0.1.0 152.76 NOTE
r-devel-linux-x86_64-fedora-gcc 0.1.0 144.76 NOTE
r-devel-windows-x86_64 0.1.0 38.00 125.00 163.00 OK
r-patched-linux-x86_64 0.1.0 28.57 85.59 114.16 OK
r-release-linux-x86_64 0.1.0 28.29 85.15 113.44 OK
r-release-macos-arm64 0.1.0 39.00 NOTE
r-release-macos-x86_64 0.1.0 70.00 NOTE
r-release-windows-x86_64 0.1.0 37.00 132.00 169.00 OK
r-oldrel-macos-arm64 0.1.0 48.00 NOTE
r-oldrel-macos-x86_64 0.1.0 65.00 NOTE
r-oldrel-windows-ix86+x86_64 0.1.0 78.00 162.00 240.00 OK

Check Details

Version: 0.1.0
Check: installed package size
Result: NOTE
     installed size is 5.7Mb
     sub-directories of 1Mb or more:
     data 1.6Mb
     libs 3.3Mb
Flavors: r-devel-linux-x86_64-fedora-clang, r-release-macos-arm64, r-release-macos-x86_64, r-oldrel-macos-arm64, r-oldrel-macos-x86_64

Version: 0.1.0
Check: dependencies in R code
Result: NOTE
    Namespaces in Imports field not imported from:
     ‘MASS’ ‘fields’ ‘mvtnorm’
     All declared Imports should be used.
Flavors: r-devel-linux-x86_64-fedora-clang, r-devel-linux-x86_64-fedora-gcc, r-release-macos-arm64, r-release-macos-x86_64, r-oldrel-macos-arm64, r-oldrel-macos-x86_64