Last updated on 2022-05-22 23:51:49 CEST.
Flavor | Version | Tinstall | Tcheck | Ttotal | Status | Flags |
---|---|---|---|---|---|---|
r-devel-linux-x86_64-debian-clang | 1.2.1 | 5.29 | 118.34 | 123.63 | OK | |
r-devel-linux-x86_64-debian-gcc | 1.2.1 | 3.59 | 88.68 | 92.27 | OK | |
r-devel-linux-x86_64-fedora-clang | 1.2.1 | 128.77 | NOTE | |||
r-devel-linux-x86_64-fedora-gcc | 1.2.1 | 141.68 | NOTE | |||
r-devel-windows-x86_64 | 1.2.1 | 18.00 | 136.00 | 154.00 | OK | |
r-patched-linux-x86_64 | 1.2.1 | 4.05 | 114.49 | 118.54 | OK | |
r-release-linux-x86_64 | 1.2.1 | 4.11 | 112.26 | 116.37 | OK | |
r-release-macos-arm64 | 1.2.1 | 43.00 | NOTE | |||
r-release-macos-x86_64 | 1.2.1 | 54.00 | NOTE | |||
r-release-windows-x86_64 | 1.2.1 | 19.00 | 140.00 | 159.00 | OK | |
r-oldrel-macos-arm64 | 1.2.1 | 41.00 | NOTE | |||
r-oldrel-macos-x86_64 | 1.2.1 | 63.00 | NOTE | |||
r-oldrel-windows-ix86+x86_64 | 1.2.1 | 9.00 | 130.00 | 139.00 | OK |
Version: 1.2.1
Check: dependencies in R code
Result: NOTE
Namespaces in Imports field not imported from:
‘Rdpack’ ‘curl’ ‘mathjaxr’
All declared Imports should be used.
Flavors: r-devel-linux-x86_64-fedora-clang, r-devel-linux-x86_64-fedora-gcc, r-release-macos-arm64, r-release-macos-x86_64, r-oldrel-macos-arm64, r-oldrel-macos-x86_64